mon divisor of 32975 and x.
25
Suppose 5*p - 109 = -144. Let t(z) = -z**3 - z**2 + 14*z + 2. Let h be t(p). Calculate the highest common divisor of h and 18.
18
Suppose 27*g - 21*g = 2886. Suppose 3*l = g + 71. Calculate the greatest common factor of l and 23.
23
Let x = 7 - 0. Let t(y) = 3*y + 17. Let s be t(x). Suppose -n + 43 = -s. What is the greatest common divisor of 9 and n?
9
Let r = 7929 - 5949. What is the greatest common divisor of 240 and r?
60
Let y = 108 + -105. Suppose -3*l = -3*m + 243, 238 = 3*m - y*l + l. Let v = 90 - m. What is the greatest common divisor of v and 7?
7
Let z(p) = -2 + 28*p + 0 - 27*p. Let u be z(22). Suppose 3*j - 20 = -2*j. Calculate the greatest common divisor of j and u.
4
Let a be -1*-18*35/10. What is the highest common factor of 987 and a?
21
Suppose 7*b + 5145 = 26397. Suppose -b = -10*q - q. Calculate the greatest common divisor of q and 23.
23
Let y be (-32)/(-24) - (33/(-9) + 3). Suppose 3*s - 10*g - 956 = -8*g, -640 = -2*s + y*g. Suppose 5*m = s + 9. Calculate the highest common divisor of 26 and m.
13
Suppose 163 = 3*v + 2*t, -4*v + 64 = -2*t - 144. Let c = v + -10. Calculate the greatest common divisor of 387 and c.
43
Let q be (-15 + 2 - -16) + (3 - (2 + -26)). What is the highest common factor of q and 4880?
10
Let z = -654 + 394. Let y = z + 507. Calculate the highest common factor of y and 76.
19
Let m = -69 - -105. Let d be ((-8)/36)/((-4)/m). Calculate the greatest common divisor of d and 94.
2
Let l be (((-609)/4)/((-243)/(-810)))/(1/(-6)). What is the highest common factor of l and 245?
35
Let k = 392 + -392. Suppose -f - 3*m + 203 = k, -18*m + 1063 = 5*f - 19*m. Calculate the greatest common factor of f and 53.
53
Suppose -2*k = 4*b - 34, 2*b - 6 = 4*k + 6. Let j = b - -16. Let p be ((-2)/(-6))/(((-3)/144)/(-1)). Calculate the greatest common divisor of j and p.
8
Let r(t) = -15*t - 51. Let m = 333 + -348. Let b be r(m). Calculate the highest common divisor of b and 6.
6
Let x(t) = 6*t**2 + 16*t + 760. Let r be x(-33). Calculate the greatest common divisor of r and 68.
34
Suppose 0 = -7*g + 2*g + 1080. Let b(m) = -2*m**2 - 151*m + 92. Let y be b(-76). What is the greatest common factor of g and y?
8
Suppose -92*y - 191114 = -279*y. Calculate the highest common factor of y and 14.
14
Let n be 5/((-15)/9) + -87. Let d(h) = h**3 + 11*h**2 + 24*h + 59. Let f be d(-6). Let m = n + f. Calculate the highest common factor of 10 and m.
5
Suppose 4*x + y - 24 = 0, 3*x - 13 = y + 5. Let d(r) = -70 + 59 - 205 - 18*r. Let w be d(-15). What is the highest common divisor of x and w?
6
Suppose 172*p + 7695 = 187*p. What is the highest common divisor of 17613 and p?
171
Let l be (-1 - (-23)/(-5))*(-4550)/65. Calculate the highest common factor of 280 and l.
56
Let r(z) = 8*z - 114. Let i be 6*((0 - 1)*0 - -3). Let t be r(i). What is the greatest common factor of 75 and t?
15
Let a = 2 + 1. Let u be 2*a + -2 + (6 - 4). Let o = 8 + u. What is the highest common factor of o and 98?
14
Suppose -5*r + 181 = -3*y, -29*r + 33*r - 3*y = 146. Let o(s) = 8*s - 2. Let p be o(2). Calculate the highest common divisor of p and r.
7
Let f = 29775 + -29486. What is the greatest common divisor of f and 2108?
17
Let h = 2150 - 1878. What is the highest common factor of 16 and h?
16
Let b(h) = 20*h**2 - 9*h + 36. Let u be b(3). What is the highest common factor of 7 and u?
7
Suppose 188*s - 284752 = 162*s. What is the highest common factor of s and 222?
74
Suppose 436*b + 3 = 437*b. Suppose b*v - 758 = -620. What is the greatest common factor of v and 299?
23
Suppose 73*m = 78*m - 430. Suppose y = -2*u - 2*y + m, 4*u + 3*y - 172 = 0. Calculate the greatest common divisor of 344 and u.
43
Let y be -219*1/(-3) + 1. Suppose -96 = -2*d - 4*s + 8, y = 2*d - 2*s. Calculate the greatest common divisor of 14 and d.
14
Let l = -12225 + 12305. Calculate the highest common divisor of 592 and l.
16
Let g(s) be the first derivative of s**3/3 - 28*s - 4. Let o be g(-7). Let l = -1 + 8. What is the highest common divisor of l and o?
7
Suppose 0 = 47*a - 172 + 1300. Let y be (0 - -8)/a + (-176)/(-6). Calculate the greatest common factor of y and 116.
29
Let y = 2 - -8. Suppose 5*a + 8*t - 7*t - 55 = 0, -4*a = -5*t - 73. Let z be (-2)/a + (-1448)/(-48) + 5. Calculate the highest common divisor of z and y.
5
Let p be 0/1 - 1*(-10 - -5). Suppose -2*u - 8 = -4*u, 3*u + 213 = p*g. Suppose -14*t = -12*t - 10. Calculate the highest common factor of g and t.
5
Suppose 24 = 2*s - i - 39, -4*i + 96 = 4*s. Suppose 0 = s*y - 27*y - 26. Let p be -5 + 1 + (5 - 4) - -94. Calculate the greatest common divisor of p and y.
13
Let f = -24260 + 24352. What is the greatest common divisor of 12 and f?
4
Suppose -3*y = -y - 134. Suppose -y = -2*z + 1. Let r be (-26)/(-2) + (9 - (12 + -7)). What is the highest common factor of r and z?
17
Suppose 0*h - h + 42 = 0. Suppose -4*u - 174 + 100 = -5*m, 0 = 3*m + 2*u - 40. Calculate the greatest common divisor of m and h.
14
Let u(w) = 538*w + 4514. Let i be u(-8). Calculate the highest common factor of i and 30.
30
Suppose -18*x - x + 27321 = 5661. What is the highest common divisor of x and 810?
30
Let y(i) = -i**3 - 5*i**2 + 19*i + 82. Let f be y(-10). Calculate the highest common factor of f and 21.
7
Let i be (61 + -6)*6 + (-60)/6. Let x(s) = -10*s + 10. Let l be x(-9). What is the highest common divisor of i and l?
20
Let s(l) = l**2 + 19*l + 65. Let k be s(-15). Let u be 4/(-10) - (-22)/5. Let v be (-4)/(u/3) + 18. What is the greatest common factor of k and v?
5
Let t(i) = i**3 + 6*i**2 - 10*i + 52. Let n be t(-8). Let g be 4/20 - (-8)/10. Let h be 4 + g - (6 - 9). What is the highest common factor of h and n?
4
Let x be (-482)/(-18) + (-10)/(-135)*3. Suppose -408 = 23*l - x*l. What is the highest common divisor of l and 255?
51
Let l = -100 - -125. Suppose 6*a = l + 5. What is the highest common factor of 3 and a?
1
Let h(u) = -2*u**2 + 5*u - 2. Let c(m) = m + 1. Let k be c(2). Let i be h(k). Let g be -1*(-29 + (i - -4)). What is the greatest common factor of 45 and g?
15
Suppose n = -3*i - 2*n - 60, -2*i - 25 = 5*n. Suppose -o - 5 = 0, -4*b + 3*o = -171 - 4. Let g = i + b. Calculate the greatest common factor of 3 and g.
3
Let t be 1 + 0 - (-44)/4. Let f(p) = p**2 + 6*p - 6. Let o be f(1). Suppose 0 = -i + o, -4*v - 4*i + 97 = -243. What is the greatest common factor of t and v?
12
Let l = 57 - 58. Let w be -1 - (-63)/14 - l/(-2). Let s = 24 - 21. What is the highest common divisor of w and s?
3
Suppose 324*p - 295*p - 7975 = 0. What is the greatest common factor of p and 325?
25
Suppose -4*o - 4 = 0, 0 = a + 2*a + o - 212. Calculate the highest common factor of a and 5751.
71
Suppose -3*q - 25 = -y, 180 = 5*y - 5*q + q. Calculate the greatest common divisor of 4270 and y.
10
Suppose 0 = 36*y + 35*y - 1562. What is the highest common factor of y and 7766?
22
Let b(x) = 2*x**3 - 21*x**2 + 70*x + 10. Let f be b(3). Calculate the highest common divisor of 5355 and f.
85
Let o = -160 - -221. Let h be o + (-2 - -3) + (-2)/1. Calculate the highest common factor of h and 4.
4
Suppose 725*h - 713*h = 348. What is the highest common divisor of h and 1363?
29
Suppose -4*w + 1123 - 1265 = -s, -2*s + 4*w = -268. What is the greatest common factor of 1498 and s?
14
Let j(w) = 0*w**2 + 16 + 5*w - 5*w**2 + w**2 + 3*w**2. Let k be j(7). Suppose 0 = 2*u + k, 2*h - 97 = -h + u. What is the greatest common factor of h and 4?
4
Let v be 1/(13/824551*17). Calculate the highest common factor of 287 and v.
287
Suppose 551*d - 30030 = 530*d. What is the greatest common factor of d and 260?
130
Suppose -14*k + 68 = -13*k. Let z = k + -52. Calculate the highest common divisor of 464 and z.
16
Let w be ((0 - 0) + 50)*4. Let i = 901 - 1041. Let x = i + w. What is the greatest common factor of x and 40?
20
Suppose 0 = -2*v - 10, -3*s + 62 + 5 = 4*v. Suppose q + 0 = -5, 0 = -u + q + s. Calculate the highest common divisor of u and 12.
12
Let z = 10081 + -10071. Let g be (0 + 1)*(10 - 3). Suppose -2*k + 1 = 4*i - g, 3 = -k + 5*i. Calculate the highest common factor of z and k.
2
Let a = 206 - -600. Let f = a + -430. Calculate the highest common divisor of 47 and f.
47
Let k = 3259 + -3244. Calculate the highest common divisor of k an